te (0 + (1 - 2) - 2) + 0.
-3
What is the value of (-5 - 0) + 159 + -150?
4
Evaluate 0 + 1 + 4 - 0.
5
0 + (1 - (6 + -6 + -1))
2
Calculate (-7 - 8) + 21 - (-2 - 0).
8
What is the value of -1 + -3 + 0 + 7?
3
What is the value of 3 - (1 - 3) - 4?
1
Evaluate -2 + -1 - (13 + -16).
0
What is (-9 - -3) + 12 - -1 - 2?
5
What is the value of -7 + -6 + (-4 - (-17 - -7))?
-7
What is 63 + -57 + (-1 - 1) + 1?
5
1 - -7 - 1 - (-3 - -3)
7
Calculate (-19 - -24) + -3 + 1.
3
Evaluate 3 - 3 - (13 + -16).
3
Evaluate 6 + -7 + 7 - 10.
-4
Calculate (12 - 13) + 1 + -1.
-1
Calculate (3 - 1) + -2 - -2.
2
Calculate 0 + (-5 - -10) + -5 + 0.
0
(-5 - 1 - -3) + 7
4
Calculate (4 - 0) + 4 + 2 + -7.
3
Calculate 0 + 4 + 0 + 3 - 3.
4
What is (-1 - -2 - 5) + 7?
3
-2 + (11 - 7) - (4 + -1)
-1
What is the value of 4 + -5 + (-12 - -6)?
-7
4 + 2 + (-1 - 10)
-5
What is the value of 0 + -7 + (-5 - -12)?
0
-10 - (4 + -4 + -4)
-6
What is the value of 9 + -5 - (-1 + 1)?
4
What is 0 - (-2 - (4 + (0 - 9)))?
-3
What is -2 + -2 + (-1 - -2) - -3?
0
Calculate 0 + -3 + -1 + -1.
-5
-6 - (-20 - -14 - (1 + 0))
1
Calculate 0 - (5 - (-2 - -9)).
2
What is the value of 0 + -2 + -2 + 6?
2
2 - (-5 + 1 + 8)
-2
Evaluate -1 - -1 - (-2 + -7 + 12).
-3
(1 - (-5 + 1)) + -4
1
Evaluate (6 - (-13 - -25)) + 8.
2
Calculate 4 - (-4 + 3 - -2).
3
What is 1 - (-3 + -5 + -3 + 5)?
7
Evaluate (-40 - -31) + -1 + (4 - 2).
-8
What is 0 - -4 - (-1 + 4)?
1
What is -11 - (-12 - -3) - 0?
-2
Calculate -4 + 1 + (-3 - -9).
3
Evaluate (4 - (-4 - -1)) + (1 - 2).
6
What is (3 - -4 - 3) + (2 - 11)?
-5
(0 - (1 + 3)) + (33 - 31)
-2
What is the value of (6 - -3) + 0 + -16?
-7
What is -9 + (10 - 5) - -7?
3
What is the value of -2 + (-3 - (-2 - 0))?
-3
(-6 + -1 - -1) + -13 + 18
-1
-2 + 1 + (7 - 1 - 2)
3
Calculate 5 + (8 - 3) + -4 - 2.
4
Evaluate -4 + (0 + 4 - 0) + 3.
3
Evaluate -5 + -8 + -3 + 12.
-4
Calculate -1 - 3 - (3 + (0 - 2)).
-5
-2 + 2 + 2 - (-14 - -23)
-7
What is the value of 6 + -3 + 3 + -1 + -4?
1
-9 + 2 + -9 - -8
-8
What is the value of (0 - 2) + (7 - 2)?
3
Calculate 2 - 2 - (-7 - (-16 + 12)).
3
What is the value of (4 - 11) + 2 - 0?
-5
What is the value of -4 + 7 + 1 + -6?
-2
Calculate 0 - (8 - (-3 - -7 - -1)).
-3
1 + -5 + 7 + 1
4
Evaluate -4 - (-25 + 4) - 2 - 7.
8
Calculate (0 - 3) + -1 - (-30 + 32).
-6
What is 3 + (6 + (-6 - 5) - -8)?
6
What is the value of -4 + (6 + -4 - -3)?
1
Evaluate 4 - (-1 + 2) - (-63 - -66).
0
-11 + 11 - (-1 + -2) - 5
-2
What is 3 - ((1 - 3) + -1 + 2)?
4
What is the value of -2 + 1 + -1 + 1 + 4?
3
What is the value of (-2 - -1 - 1) + (-12 - -12)?
-2
Evaluate -6 + 6 + -1 + 1.
0
What is 1 + -1 + 4 - (0 + 4)?
0
Calculate -8 + 18 - 8 - 0.
2
Evaluate -3 + 4 + -5 + -1 + 4.
-1
What is -1 + 4 + -1 + (-54 - -48)?
-4
What is the value of 7 + (-6 - 0) - -3?
4
What is the value of 2 + (0 - -1) + -8 + 0?
-5
Evaluate 4 + (-9 - (4 - 7)).
-2
What is (4 - -1 - 11) + 3 + -1?
-4
What is the value of (2 - 8) + 3 - -2 - 4?
-5
What is the value of (-4 - (-6 - -4)) + 3?
1
Evaluate 7 - (-9 + 17) - 5.
-6
What is the value of -4 + (8 - (3 + 2))?
-1
(0 - -1 - (1 - -1)) + -2
-3
What is the value of -2 - (-2 + (-3 - -5 - -4))?
-6
What is -1 + 3 - (20 - 20)?
2
What is 3 + -1 + (1 - 6) - -9?
6
What is the value of 2 - (4 + -4) - (2 + 2)?
-2
Evaluate -6 + -1 + (8 - 1) - 4.
-4
What is the value of (4 - -3) + -5 - (0 - 0)?
2
Evaluate -5 + (-1 - 2) + -29 + 35.
-2
What is the value of (0 - 6) + (-1 - (-8 + 3))?
-2
Calculate -2 - (-1 - (-3 - (0 - 4))).
0
What is -1 + 6 + 9 - 14?
0
What is the value of 1 + 2 + -5 + -2?
-4
Calculate 0 + 1 + -2 - -4.
3
Calculate 4 + -9 + 4 - 4.
-5
What is 4 + 4 + 0 - 4?
4
What is the value of (-10 - -15) + 3 - 14?
-6
Calculate -173 + 168 + (-2 - -1 - -1).
-5
What is (0 - 0 - -3) + -7?
-4
Calculate -2 - (3 - (-7 - -14)) - 4.
-2
What is the value of 7 + -12 - (-1 + 3)?
-7
5 - 1 - (0 - (-1 - 2))
1
What is the value of (7 - 5) + (-6 - -1) - -3?
0
What is the value of (-7 - 4) + 15 + -5?
-1
What is 4 + 3 + -15 + (8 - 4)?
-4
Calculate -7 + 10 + -4 - (-1 - 3).
3
-12 - ((-13 - 2) + 11)
-8
What is the value of (4 + -1 - (46 + -42)) + -5?
-6
Evaluate -4 + 0 + 0 + 5.
1
Calculate -56 + 43 - (-6 + 1).
-8
Evaluate 6 - 3 - (-20 + 13).
10
-3 + 6 + 4 + -4 + 1
4
Calculate -2 + (-3 - -7) - 0.
2
Calculate -8 - (0 + (-4 - (1 - 2))).
-5
What is 4 - 2 - (10 - 10)?
2
Evaluate 1 - (2 + -3) - (1 - -6).
-5
Calculate -3 - (-3 + 11 + 0 + -13).
2
Calculate 1 + -2 - (2 - 8).
5
Evaluate (-6 + 8 - 0) + 2 + -1.
3
Evaluate (-3 + 3 - 6) + 2.
-4
What is (1 + -2 - -7) + (-16 - -13)?
3
(0 - -1) + (-9 - 1 - -11)
2
What is the value of (-5 - (2 - 5)) + 1 + -3?
-4
What is 7 + -1 + (1 - (-2 + 5))?
4
What is -3 + 0 - (-40 + 40)?
-3
Evaluate (-3 - -8) + -2 - -1 - 5.
-1
Calculate -4 + (-2 - (-13 + 3)).
4
What is 3 + (-19 - -22 - (0 - -1))?
5
Evaluate 5 - 1 - (-1 - (0 + -3)).
2
What is the value of (-6 - (-3 + 1)) + 5?
1
Evaluate -4 - -1 - (-31 - -30).
-2
What is (10 - (-3 + 13)) + 0?
0
What is the value of 0 + 1 + 13 + -12 + 6?
8
2 - (-5 + 21 + -9)
-5
What is (5 - 0) + (-90 - -80)?
-5
What is the value of 4 + 7 + (-12 - -2)?
1
What is the value of (2 - 1) + (-1 - 1)?
-1
What is 9 + -3 + 2 - 6?
2
What is 3 - ((-8 - -4) + 12)?
-5
What is the value of 5 - (-4 + 3) - 4?
2
Evaluate 0 + (-9 - (-10 - -5)) - -2.
-2
What is the value of -5 + (0 - ((2 - 9) + 7))?
-5
3 - 0 - (-1 + 5)
-1
What is -8 - (3 - (1 - (-4 - 2)))?
-4
What is the value of -3 + (0 - (0 + 0))?
-3
-3 + (2 - 0) + 5
4
What is 0 + -3 - (5 - 6)?
-2
Evaluate -7 + -3 + 0 + 5.
-5
What is (1 + -1 - 5) + -5 + 6?
-4
What is 1 + (-9 + 8 - (-3 + -1))?
4
What is the value of -7 - (-11 + 0) - -2?
6
Calculate 5 + -4 + -4 - -2.
-1
What is -5 - (9 - 9 - -2)?
-7
-7 + (-2 - (6 - 1)) + 20
6
13 + -15 + 6 + -15
-11
Calculate (9 - -1) + 39 + -50.
-1
Calculate -1 - (3 + (3 - 5) + -2).
0
Evaluate 1 + 7 + 3 + -10.
1
2 + -10 - (9 + -19)
2
What is -5 + (1 - (3 - (1 + 3)))?
-3
What is the value of 19 + -24 + (4 - -3)?
2
Evaluate 19 - 12 - (5 + 0 + -3).
5
What is (-13 - (-9 - 2)) + 0?
-2
What is 0 - (5 - (0 - -2) - 4)?
1
Evaluate 2 + 2 - (-3 + 2 + 2).
3
Calculate (-8 - -5) + 3 + (-3 - -1).
-2
Calculate (7 - 1) + (10 - 13).
3
What is -1 - -5 - (6 + 4)?
-6
Calculate 7 - (-1 - (-4 + 1)).
5
What is the value of -4 + 22 + -5 - 9?
4
What is -5 - ((-1 - 2) + 2 + 0)?
-4
3 - (6 - 4) - -1
2
Evaluate 1 + 2 + (2 + -4 - 3).
-2
-1 - (-2 - -2) - 4
-5
Calculate (4 - 1 - 2) + -5.
-4
Evaluate 1 + (-5 - (-8 + 7 + -5)).
2
Evaluate 2 - (4 + -4 + -3).
5
-1 - (3 + -3 + (5 - 3))
-3
-4 - -5 - 5 - -7
3
What is the value of 2 + (-8 - (2 + -6 + 1))?
-3
5 + -2 - (-3 + 8 + -3)
1
What is -2 - -1 - (0 + 0) - -3?
2
Calculate (-1 - 4) + 3 + 5 - 0.
3
64 - 73 - (2 - 1)
-10
5 + (-2 + -2 - -1)
2
Calculate -3 + -1 + (1 + -3 - -8).
2
What is 4 - (-4 - (-1 - 1 - 3))?
3
Evaluate (6 - 2 - 0) + 9 - 6.
7
What is the value of 1 - (-2 + (-1 - 1) + 1)?
4
What is -1 + -2 + -1 + 0?
-4
-3 - (-1 + -3 + 0 - 1)
2
What is the value of -30 + 25 + 5 + 1 - -4?
5
0 + (5 - 0) - (1 - 1)
5
What is the value of (-2 - -4 - 1) + 15 + -12?
4
Calculate 6 - 6 - -3 - 0.
3
Evaluate -6 + (-9 - (0 + -6)).
-9
What is -7 - (-3 - (-7 + 2))?
-9
What is the value of (-1 - 3) + (8 + -5 - -1)?
0
What is 1 + -3 + 28 + -27?
-1
9 + -5 + -5 + 3
2
Evaluate -7 - (-4 + -6 + 6).
-3
What is (34 + -36 - (2 + -7)) + 8?
11
What is the value of 2 + -1 - (-10 - (8 - 15))?
4
Calculate 9 + 2 + -17 + (0 - 4).
-10
Calculate -30 + 11 - (-7 + -6).
-6
Calculate 51 + -49 - (3 - 1 - -1).
-1
What is the value of (2 + 4 - (1 + 0)) + -4?
1
Evaluate -2 - 2 - (3 - (-1 + 6)).
-2
28 - 42 - (-10 + 2)
-6
Evaluate (-2 - 2) + 17 + -12.
1
Evaluate -1 + 1 - (-1 - -1 - -4).
-4
Evaluate 7 - (15 - 10) - (-5 + -1).
8
Calculate (-12 - -4) + -5 - -8.
-5
What is the value of -9 + (5 - 4) + 11?
3
What is the value of -1 + (-4 - -3) + 3 + 0?
1
-8 + (-7 - (2 - 13))
-4
Evaluate 3 - (-14 - -10) - 7.
0
Evaluate -3 + 0 - (-9 + 3 - -4).
-1
What is the value of 0 - (0 + (-4 - -4))?
0
Calculate 11 - (28 - 24 - (0 + -1)).
6
Evaluate 0 - -12 - (160 - 147).
-1
Evaluate 4 + (-6 - (0 + (-6 - -1))).
3
Calculate -8 + -2 - (-7 + 0).
-3
What is (2 - 0 - 0) + (-12 - -8)?
-2
0 + -1 - (1 - 5)
3
5 + -6 - 10 - -7
-4
0 + (-8 - (10 + -3 - 5))
-10
2 - 1 - (0 + (1 - 2))
2
What is 0 + (-1 - (-1 + 2))?
-2
Calculate (-4 - -1) + (-2 - (-2 - 5)).
2
Evaluate -8 + ((-2 - -8) + 